 5. Let w(q) = -7*l(q) - 6*m(q). What is w(-2)?
-6
Let a = -3 - -5. Let d(z) = z**2 + 5*z + 2. Let r be d(-5). Let p(i) = -1 - i**3 + i**2 + a + 0*i**r. Calculate p(0).
1
Let w(o) = -o**2 + 0 - 8*o**2 + 6*o**2 - 2*o - o**3 + 2. What is w(-2)?
2
Let n(l) be the first derivative of -l**3/3 + 3*l**2/2 - l + 1. Give n(4).
-5
Let d(f) be the second derivative of f**5/60 + f**4/8 - f**3/3 + 5*f**2/2 + 4*f. Let p(m) be the first derivative of d(m). Determine p(-4).
2
Let f(h) = -h**2 - 2*h - 1. Let g(w) = -w**3 - 6*w**2 - 2*w - 6. Let n be g(-6). Let s = 2 - n. Calculate f(s).
-9
Suppose 3 = 2*d - 3. Let i(g) = -5 + 2*g**d - 8*g**3 + 2*g**2 + 7*g**3 + 4 + 2*g. Calculate i(-2).
-5
Suppose -5*v - y - 5 = 0, 0 = 4*y - 2*y. Let u(h) = h**2 - 5*h + 6. Let z be u(4). Let r(t) = 3*t**z - 4*t**2 + 6*t**3 + 2*t**3. What is r(v)?
-9
Let z(q) be the second derivative of q**3/6 - q**2 - 2*q. Give z(6).
4
Let o(v) = -2*v**2 + 6*v + 8. Let b = -4 - -12. Suppose 3*j - 2*c = -6*c - 31, 2*c = -b. Let f(g) = 3*g**2 - 9*g - 12. Let p(z) = j*f(z) - 7*o(z). Give p(4).
0
Let r(t) = -t + 5. Let l be r(5). Suppose -f + 5*f - 8 = 0. Let a(u) = 0*u**3 - 4*u**2 + u**3 + 5 + 3*u**f. Give a(l).
5
Let u(j) = -j**3 - 3*j**2 - j - 1. Let b(m) = -m**3 - 6*m**2 + 8*m + 8. Let t be b(-7). Let r be t + 0 + 1 + -5. Give u(r).
2
Let w(c) be the third derivative of c**6/120 - 7*c**5/60 + c**4/3 - 7*c**3/6 - 6*c**2. Calculate w(5).
-17
Let b = -5 + 9. Suppose -5*r + s = -b, 0 = 2*r + 3*s - 5*s - 8. Let u(m) = -m + 8. Give u(r).
8
Let v(b) be the first derivative of -b**3/3 + 3*b**2/2 - b - 1. Suppose 0 = 2*p - 2, -2*k + 16 = 2*p + 6. Give v(k).
-5
Let o(i) = -i**3 + 5*i**2 - 3*i + 1. Suppose 0 = -3*a + 14*a - 55. What is o(a)?
-14
Suppose 0*g + 2*g + 9 = w, 0 = 3*w - g - 7. Let v(a) be the third derivative of -a**2 + 0 + 0*a + 1/6*a**3 - 7/24*a**4. Calculate v(w).
-6
Let l be (-16)/3 + ((-48)/(-9))/(-8). Let t(h) = h**2 + 2*h - 8. Give t(l).
16
Let s(y) = -y**3 - 7*y**2 - 6*y - 7. Let f = -31 - -25. What is s(f)?
-7
Let g(z) = -3*z + 9. Let f(r) = 2*r - 6. Let s(k) = -8*f(k) - 5*g(k). Calculate s(5).
-2
Let o(l) be the third derivative of l**8/20160 + l**7/840 + l**6/360 + l**5/30 + 3*l**2. Let x(b) be the third derivative of o(b). What is x(-4)?
-6
Let i(s) = -s**3 + 9*s**2 + 10*s + 5. Let v be i(10). Let g(r) = r**2 - 5*r + 4. Give g(v).
4
Let h(i) be the second derivative of 2*i**3/3 - 3*i**2/2 - 22*i. What is h(3)?
9
Let k(q) = q**2 - 9*q + 15. Let c(f) = -f**2 + 9*f - 14. Let g(z) = -5*c(z) - 4*k(z). Determine g(7).
-4
Let y(h) be the second derivative of h**5/20 + h**4/3 + h**3/3 + h**2 + h. Let f = -13 + 18. Let o = 1 - f. Give y(o).
-6
Let o(s) = 7*s - 27. Let y(n) = 4*n - 14. Let d(j) = -3*o(j) + 5*y(j). Let c be d(9). Let k(f) = -5*f - 2. Calculate k(c).
-12
Let w(j) be the second derivative of j**7/840 - j**6/120 - j**5/60 + j**4/8 - 5*j**3/6 + 3*j. Let x(d) be the second derivative of w(d). What is x(2)?
-5
Let v(u) = u**2 + 7*u + 11. Let o be v(-6). Let z(g) = 2*g - 5. What is z(o)?
5
Let x(v) = -15 + 6*v**2 - 20 + 54 - 18 + v. Give x(-1).
6
Let a(l) be the first derivative of l**7/84 + l**6/360 - l**5/60 + l**4/24 - l**3 - 2. Let g(m) be the third derivative of a(m). Calculate g(1).
10
Let a(g) = -g**3 - g. Let l(h) = -h**3 - 6*h**2 + 7*h + 2. Let y = 4 + -1. Let u be 2 + -4 + (-2 - y). Let d be l(u). Calculate a(d).
-10
Suppose 39 - 45 = 3*a. Let b(p) = 3*p. Calculate b(a).
-6
Let f(x) be the first derivative of -x**2/2 + x + 1. Suppose -103 = 3*u - 124. Calculate f(u).
-6
Suppose -2*d + 5*m - 10 = 12, 0 = 2*d - m + 6. Let o be -3 + d*27/(-3). Let y(q) = 3 + 4*q**2 - 6*q**3 - q - q**3 - 2*q**2 + o*q**3. Give y(3).
-9
Suppose n - 4*f + 15 = 2*n, 4*n = f + 9. Suppose 0 = n*v + v. Suppose 3*u - 3 = v, 0 = -g + 3*g - 5*u - 5. Let d(c) = c + 2. Calculate d(g).
7
Let c(u) be the second derivative of -u**5/24 + u**4/24 - 5*u**3/6 + 5*u. Let n(b) be the second derivative of c(b). Suppose 5 = v + 4*v. Calculate n(v).
-4
Let w(s) = -s**2 + 4*s + 6. Suppose -28 = -3*l - 10. Calculate w(l).
-6
Let j = 26 - 22. Let v(n) = -n**3 + 4*n**2 - 5*n + 3. Give v(j).
-17
Let p(v) = -4*v - 1. Let n = 8 - 5. Suppose -29 = -n*x - 4*b - b, -4*x + 4 = -2*b. Suppose 8 = -x*l + 2. Give p(l).
7
Let u(h) = -4*h**2 - 3*h - 1. Let f(s) = s**2 - s - 1. Let x(a) = 2*a**2 + 3*a - 9. Let y(d) = 3*f(d) - x(d). Let t be y(4). Give u(t).
-11
Let m(d) = -37 - 13*d**2 + d**3 + 6*d**2 + 29 + 8*d. Give m(6).
4
Let l(n) = -n**2. Let v(o) = 2*o - 4. Let u be v(3). Calculate l(u).
-4
Let y(h) = -2*h**2 + 3*h + h**2 + 0*h**2. Let x = -7 - -8. Suppose 3*q + x = 13. Give y(q).
-4
Let h(a) be the second derivative of a**3/2 + a. Let z be h(1). Let i(t) = -z*t**3 - 5*t**2 - t**3 + 6 + 3*t**3. Determine i(-5).
6
Let r(d) be the third derivative of -d**6/720 + d**5/120 - 5*d**4/24 + 3*d**2. Let h(g) be the second derivative of r(g). Determine h(7).
-6
Let h(t) = -t**2 + t. Let x(l) = -l**2 + 5*l - 3. Let q be x(2). Let d = 0 + q. Let g = -1 + d. Calculate h(g).
-2
Let n(q) = q - 7. Let l(w) = -w + 3. Let r(b) = -5*l(b) - 3*n(b). Calculate r(-4).
-2
Suppose k = 33 - 29. Let f(z) be the third derivative of -z**5/60 + z**4/6 - z**3/6 + z**2. Calculate f(k).
-1
Let t(x) = -x**2. Let m be t(2). Let h(k) be the third derivative of k**5/60 + k**4/4 + 5*k**3/6 + k**2. Calculate h(m).
-3
Let y(p) = -3*p + 11. Let u(r) = 1. Let z(l) = 5*u(l) - y(l). Let m = -1 + 5. Suppose 5*d = d - 16, 3*x - m = -2*d. Calculate z(x).
6
Let u(q) = -q**3 + 5*q**2 - 5. Suppose -v - 8 = v. Let m(g) = -g**2 - 5*g + 1. Let n be m(v). Suppose 21 + 5 = 4*i - 2*s, 4*i - n = -5*s. Calculate u(i).
-5
Let b(n) = n**2. Let z be (8/(-3))/(4/(-6)). Let a be (z + -5)/(-3 + 2). Determine b(a).
1
Let r(x) = -x**3 + 0*x + 3*x**2 - 3*x**2 + x - 1. Let l(j) = -3*j**3 - 5*j**2 + 6*j - 9. Let d(v) = -l(v) + 4*r(v). Determine d(5).
-5
Let w(v) = -v**3 - 3*v**2 + 9*v**2 - 6 + 5 - 3*v - 4. What is w(5)?
5
Let f(a) be the first derivative of -1/4*a**4 - 4/3*a**3 + 0*a + 4 - 3/2*a**2. Calculate f(-3).
0
Let l(v) = -1 - 6 - v + 170*v**3 - 169*v**3. Let q(w) = w**2 + 5*w + 4. Let s be q(-4). Calculate l(s).
-7
Let a = 4 + -5. Let v(g) = g. Let j be v(a). Let d(u) = -3*u**3 + u**2 - u - 1. What is d(j)?
4
Let k(d) be the third derivative of d**6/120 + d**5/20 - d**4/12 + d**3/3 - 33*d**2. What is k(-4)?
-6
Let w(o) be the second derivative of o**7/2520 - o**5/40 + o**4/12 + o. Let h(d) be the third derivative of w(d). What is h(-3)?
6
Let w(l) = -3*l + 5. Suppose -3*n = -i - 11, -4*n + 19 = 6*i - 3*i. Calculate w(n).
-7
Suppose -3*w - 4 = -2*w. Let u(s) be the first derivative of s**3/3 + 7*s**2/2 + 5*s - 25. Calculate u(w).
-7
Let n(o) = -29*o**3 + o. Let z be (6 - (-2 - -5)) + 2 + -6. Determine n(z).
28
Suppose 12 = -0*r - 3*r. Let b(n) = -1. Let l(h) = h + 8. Let q(y) = -3*b(y) - l(y). Determine q(r).
-1
Let t(m) = m + 1. Suppose -2*g - 24 = -3*d, 5*d + 2*g - 5*g = 39. Let l(y) = y - 6. Let x be l(d). Give t(x).
1
Let b(w) = 0*w**3 - 11*w**2 - 3*w**3 + 5*w**3 - w**3 - 1. What is b(11)?
-1
Let a(b) = -9*b**2 + 13*b + 3. Let s(n) = -3*n**2 + 4*n + 1. Let p(g) = 2*a(g) - 7*s(g). What is p(3)?
20
Let b be (-1)/4 - 106/(-8). Let x(y) = -4*y**2 + 5*y - 6. Let s(c) = 8*c - 9*c**2 - 7*c - 13 + 10*c. Let l(t) = b*x(t) - 6*s(t). Calculate l(2).
6
Let h be -4 + (0 - -1)*32/(-8). Let a(y) = y**3 + 8*y**2 + 3*y + 10. Determine a(h).
-14
Let v(a) = 17*a**3 + a**2 - 1. Suppose -w - 24 = 2*u + 3*u, -3*w = -4*u - 23. Give v(w).
17
Let l(u) = 0*u**2 + 4 - 2*u**2 + 5*u**2 + u - 2*u**2. Give l(-3).
10
Let i be ((-2)/3)/((-58)/(-435)) - -1. Let z(y) = -y**3 - 6*y - 6*y**2 + 0 + 0. Calculate z(i).
-8
Let g(r) = r**3 - 4*r**2 + 2*r - 1. Suppose 3*l + 4*a - 8 = 9, -20 = -4*l - 4*a. What is g(l)?
-4
Let p be ((-2)/(-7))/((-5)/(-35)). Let c(a) = 1 - 4*a**2 - 2*a**p + 2*a - 9 + a**3 + 2. Determine c(6).
6
Let w(h) be the second derivative of h**5/20 + 3*h**4/4 - h**3/3 - 5*h**2 + 11*h. Determine w(-9).
8
Let z(u) = 33*u**2 - 3*u - 4. Let s(m) = 22*m**2 - 2*m - 3. Let k(w) = -7*s(w) + 5*z(w). Determine k(1).
11
Suppose n + 6 = 8. Let l(b) be the second derivative of 3/2*b**n + 1/3*b**3 - 2*b + 0. Give l(-4).
-5
Let s(l) = l + 8. Let o be s(0). Suppose 0 = f - o + 5. Let g(i) be the third derivative of i